- a*t + q = 0. List the prime factors of t.
3, 7
Let s(c) be the third derivative of 7*c**5/60 - 7*c**4/6 + c**3/6 - 8*c**2. What are the prime factors of s(8)?
3, 5
Suppose 0 = -35*k + 37*k + 458. Let h = k + 464. What are the prime factors of h?
5, 47
Suppose 0 = -9*i + 8503 - 1807. What are the prime factors of (i/(-14))/((-10)/35)?
2, 3, 31
What are the prime factors of (-605)/484 - 24266/(-8)?
2, 379
Let i = -183 + 130. Let p = i + 91. Let w = p + 18. List the prime factors of w.
2, 7
Let s(l) = -l**2 + 9*l + 6. Let o be s(9). Suppose -o*a + 290 = -412. List the prime factors of a.
3, 13
Let x be (-4)/24*-3*-10. What are the prime factors of ((-10)/(-12))/x - 1011/(-18)?
2, 7
What are the prime factors of -6 + (2 - -10) - -441?
3, 149
Let p = 19 + 56. Let l be 2/((80/p)/8). Let d = l + -7. List the prime factors of d.
2
Suppose -5*u - 2*w = -24, 2*w - 8 = -3*u + 4*w. Suppose 0 = -3*q + u*q - 6. List the prime factors of q/9*(-99)/(-6).
11
Suppose 4*k - 87 + 388 = 5*j, -5*k + 3*j - 360 = 0. What are the prime factors of k/(-2)*(-8)/(-3)?
2, 23
Suppose -5*q + 49 = i, 2*i - 6*q - 33 = -3*q. Let o = -23 - i. Let s = -22 - o. What are the prime factors of s?
5
Let c = 56 - 57. List the prime factors of (1*1/(-3))/(c/27).
3
Let j(p) = -p + 3. Let l be j(3). Let y be ((-12)/(-8) - 1)*l. Suppose y = 2*n - 10. What are the prime factors of n?
5
Suppose -3*n = -1456 - 566. What are the prime factors of n?
2, 337
Let n(d) = 8*d**2 - 175*d - 48. What are the prime factors of n(31)?
5, 443
Let p(a) = 8*a - 11. Let q be p(2). Suppose 0 = 5*u + q*k - 96 - 54, -5*u = -k - 174. List the prime factors of u.
2, 17
Suppose 3*w - 6*a = -9*a + 5511, 5*w - a = 9203. List the prime factors of w.
2, 5, 23
Suppose 4*h - 2255 = -591. List the prime factors of h.
2, 13
Suppose q + 1 = 6. Suppose d = -q*k + 5*d + 39, 0 = 4*k + d - 48. What are the prime factors of k?
11
Suppose -2*c - 3*u - 24 = 0, 4*c - 5*c - 12 = -4*u. Let l = c - -17. Suppose l*f - 102 = 2*f. What are the prime factors of f?
2, 17
Let m(v) be the second derivative of -v**3/6 + v**2/2 - 5*v. Let o be m(8). Let w(s) = s**3 + 9*s**2 + 10*s - 1. What are the prime factors of w(o)?
3
Let q(z) be the second derivative of 21*z**4/4 - z**3/6 + 10*z. List the prime factors of q(-1).
2
Let y = -23 - -25. Suppose y*t + i = 2*i + 535, 0 = -5*t + 2*i + 1336. Suppose -2*g - 586 = -5*n - 166, 3*n - t = 4*g. List the prime factors of n.
2, 41
Suppose -4*v = -20, -2*u + 3877 = 3*v - 312. What are the prime factors of u?
2087
Let q be 36/21*(-14)/(-4). Suppose -q*o = -o - 260. Suppose 0 = -4*k + o + 24. What are the prime factors of k?
19
What are the prime factors of 2/2*17*(4 + 1)?
5, 17
Let q be -6*(7/(-3))/(-7). Let x be -2 + 7/(7/q). Let w(s) = s**3 + 4*s**2 - 4*s + 5. List the prime factors of w(x).
3, 7
Let u be -38 - (0/3 - 1). Let a = u + 73. List the prime factors of a.
2, 3
Suppose -5*a - 45 = -5*j, -5*j - 5 = 6*a - a. Suppose 0 = -j*x + 5*v + 212, 4*v + 22 = 3*x - 136. List the prime factors of x.
2, 29
Let w = -15 - -11. Let f be (-20)/16 - 21/(-4). List the prime factors of f/8*w - -12.
2, 5
Let t = 214 + -150. List the prime factors of t.
2
Let r be (-33)/(-55) - 74/(-10). Suppose -2*o - 3*u = -8, 5*u + 42 = 3*o - r. List the prime factors of o.
2, 5
Suppose -x + 5*x = 4*g + 8, 4*g - 3*x + 8 = 0. Let h(k) = -64*k + 4. List the prime factors of h(g).
2, 3, 11
Suppose f - 105 = -s + 8, 535 = 5*s - f. What are the prime factors of (s/(-8)*2)/(3/(-27))?
3
Let n = 4599 + -2614. What are the prime factors of n?
5, 397
Let q(j) = j - 13. Let k be q(19). Suppose -k*u - 121 = -637. What are the prime factors of u?
2, 43
List the prime factors of (-115810)/(-130) - 4/(-26).
3, 11
Let j = -35 + 94. Suppose 261 = 2*d + j. What are the prime factors of d?
101
Let z be ((-12)/(-4) - -3) + -5. What are the prime factors of (z - -3) + -5 - (1 - 56)?
2, 3
Let m(h) = h**3 + 5*h**2 - 2*h + 29. Let f be m(-6). Let z(a) = 2*a**3 - 7*a**2 + 2*a + 6. What are the prime factors of z(f)?
7, 13
Let r = 566 - -2605. What are the prime factors of r?
3, 7, 151
Let y = -14 - -18. What are the prime factors of (-424)/(-10) + y/(-10)?
2, 3, 7
What are the prime factors of (-49 + 7 + -7)/((-3)/42)?
2, 7
Let q be 5 - (4/2 - 5). Let t(k) = 2*k**2 + 9*k + 4. List the prime factors of t(q).
2, 3, 17
Let l(m) = 3*m**2 + 20*m - 5. List the prime factors of l(-20).
3, 5, 53
Let r(o) = -4*o - 14. Let x(t) = 5*t + 14. Let z(g) = -6*r(g) - 5*x(g). Let v be z(13). What are the prime factors of (11/22)/(v/96)?
2, 3
Let y(f) = -4*f + 14. Let n be y(4). What are the prime factors of (-3596)/(-52) - n/(-13)?
3, 23
Let r(f) = -1 + 9 + 0*f + 9*f**2 + 8*f - f**3. Let t be r(10). List the prime factors of (7/(-2))/(t/24).
7
Suppose 2*d + 3*d - 90 = 0. Suppose -m + 9 - 2 = 0. Let r = m + d. List the prime factors of r.
5
What are the prime factors of 5150/(9/9) + 13?
3, 1721
Let s(r) be the second derivative of -5*r**3/6 - 3*r. Suppose 18 = -2*q + 5*p, 5*q + 7 + 3 = -5*p. List the prime factors of s(q).
2, 5
Let i(d) = 2*d + 26. Let x be i(-13). Suppose -7*o - 44 + 884 = x. What are the prime factors of o?
2, 3, 5
What are the prime factors of (-2095)/(-8 - -3) + -1?
2, 11, 19
Let y(c) = c - c**3 + c**2 + 3 + 7 - 12. Let s be y(0). Let l = 20 + s. List the prime factors of l.
2, 3
Let a(x) = 6*x**2 - 5*x + 4. Let u be a(-3). Suppose 0 = 77*z - u*z - 1324. List the prime factors of z.
331
Let j(o) = 43*o**2 + 28*o + 9. What are the prime factors of j(-6)?
3, 463
Suppose 0 = 6*d - 160 - 332. List the prime factors of d.
2, 41
Let n = -32 - -65. Suppose -3*k - 4*a = -81, a + 9 + 18 = k. Let c = n - k. List the prime factors of c.
2, 3
Let g(p) = -98*p + 630. List the prime factors of g(0).
2, 3, 5, 7
Suppose -6*m + 31*m = 5675. What are the prime factors of m?
227
Let v(t) = 1 - 387*t + 410*t + 1. Let k = -2 + 4. What are the prime factors of v(k)?
2, 3
Let w = -1 - -7. What are the prime factors of (w/4)/((-16)/(-608))?
3, 19
Suppose -o = 4*z + z + 219, z + 4*o = -59. Let r be z/(-15) + 16/120. Suppose 0 = -r*l + 12, -3*y + 5*l - 8 = -y. What are the prime factors of y?
2, 3
Suppose 8 = 4*l - 4. Suppose -15 = -l*p + 3. List the prime factors of p/4*36/6.
3
Suppose 0 = 4*y - 3*n - 44, -22 = 3*y - 5*y + 2*n. Suppose -2*q = -y - 113. What are the prime factors of q?
2, 31
Let w(n) = 2*n**2 + 5*n + 5. Let o be w(-2). Suppose 4*u - 853 = -o*r, -3*u + 4*r + 0*r = -646. What are the prime factors of u?
2, 107
Let o be ((-1)/1)/((-2)/8). Suppose -4 = -2*z - 0*z - 2*w, -2*w = 2. Suppose -z*c + 36 = -n - n, c - 12 = -o*n. What are the prime factors of c?
2, 3
Let m(d) = d**2 - 8*d - 7. Suppose -17 = 5*g + 3, -g - 36 = 4*x. Let b = x - -18. What are the prime factors of m(b)?
13
Let o(z) = -10*z**2 + 400*z - 16. What are the prime factors of o(24)?
2, 239
Let t = 31 + -27. Suppose -5*d = -t*k - k - 400, -436 = -5*d - 4*k. List the prime factors of d.
2, 3, 7
List the prime factors of 6 + 721 - (5 - 1).
3, 241
Suppose s = -l - 0*l + 6, -l - 4 = 0. Let k(g) = -2*g**2 + 25*g - 20. What are the prime factors of k(s)?
2, 3, 5
Let p = -581 - -1425. What are the prime factors of p?
2, 211
Suppose 92*y - 93*y = -190. Suppose -i + 2*o = -2*i + y, -562 = -3*i - 2*o. What are the prime factors of i?
2, 3, 31
Let p be (-3 + 4 + -2)*-4. Suppose -q = -k + 65, -4*k - q = -p*q - 260. What are the prime factors of k?
5, 13
Suppose -5*a + 995 = 975. Suppose -2*q - 6 = 3*o, -3*q = q + 2*o - 4. Suppose 9*c + 25 = a*c, q*j + c = 31. What are the prime factors of j?
2, 3
Let w(g) = -4 + 5 + g + 4 + 0*g. Let k be w(-5). List the prime factors of 32 + 3/(k + 3).
3, 11
Suppose -2*j = 2*j - 192. What are the prime factors of 11/((-44)/j)*-7?
2, 3, 7
Let q = 5442 + -3418. What are the prime factors of q?
2, 11, 23
Let l be 68/10*(-50)/(-10). Let g = -31 + l. What are the prime factors of g?
3
Suppose -16*z = -1223 - 3225. What are the prime factors of z?
2, 139
Let h(y) = y**2 + 19*y - 6. Let c be h(-19). What are the prime factors of (3 + 39/c)*-2?
7
What are the prime factors of (-1)/(((-2)/2270)/(18 - 17))?
5, 227
Let j = 1029 + 791. List the prime factors of j.
2, 5, 7, 13
Let n(d) = 3*d**3 - 10*d**2 - 10*d + 16. Let x be n(8). Suppose 3*m + k - x = 3*k, 5*m - 2*k - 1388 = 0. What a